vided by 27?
22
Let z = 82 + -56. Let o = -60 + z. What is the remainder when 20 is divided by (-1)/3 + o/(-3)?
9
What is the remainder when 164/(-410) + 2/(-30)*-18951 is divided by 40?
23
What is the remainder when (110936/(-147))/(2/(-3)) is divided by 17?
10
Let d = 92 - 36. Let p be (-19 - -13) + 40/(-2). Let n = -16 - p. What is the remainder when d is divided by n?
6
Calculate the remainder when 503 is divided by -2 + 14 - (12 + -20 - -19).
0
Suppose 4*j = 3*k + 23 - 56, 5*j = -3*k - 21. Let r be (13*-3)/(12/(-8)). Suppose -7 = -3*o + r. What is the remainder when o is divided by k?
2
Let n = 16010 - 14101. Calculate the remainder when n is divided by 39.
37
Let i(k) be the first derivative of 5*k**2/2 + 268*k + 242. Calculate the remainder when 257 is divided by i(-36).
81
Let r be (3/1)/((-10)/(-230)). Let i = -64 + r. What is the remainder when 19 is divided by i?
4
Let p(i) = i**2 - 14*i. Calculate the remainder when 67 + (-9)/(3/(-6)*6) is divided by p(15).
10
Let g = 108 - 103. Suppose g*x = -4*x + 2853. Calculate the remainder when x is divided by 16.
13
Let y = 778 - 753. Let z be -1*1 - (-3 - 73). Suppose 12 = 2*k - m - y, -z = -4*k + m. Calculate the remainder when 131 is divided by k.
17
Suppose -3088*k = -3062*k - 2678. Calculate the remainder when 719 is divided by k.
101
Let k = -851 + 1408. Let j = k + -500. Calculate the remainder when j is divided by 23.
11
Let l be (-1)/(1446/288 - 5). Let d = l + 79. Calculate the remainder when 153 is divided by d.
29
Let m = 48 + -25. Let p(t) = -41*t**3 + 4*t**2 - 9*t - 12. What is the remainder when p(-1) is divided by m?
19
Suppose 25 = 3*t - m, -4*m + 58 - 18 = 2*t. Calculate the remainder when t/(288/(-99) - -3) is divided by 50.
10
Suppose x = 36*x + 164*x - 109649. What is the remainder when x is divided by 237?
77
Let u = 7777 - 7730. Let n(w) = 2*w**3 - 3*w**2 - 2*w - 4. Let p be n(6). Let z = 446 - p. Calculate the remainder when z is divided by u.
44
Suppose 2*d = d. Suppose -1493 = -99*h - 404. Suppose d = -5*o + 3*n + 9 + 19, n = 2*o - h. Calculate the remainder when 31 is divided by o.
1
Calculate the remainder when 11626/19 - (-18 - (-1360)/76) is divided by 150.
12
Let t be 5072/6 + -2 + 8/12. Suppose t = 5*j - 4*q, 0 = 2*j - 12*q + 8*q - 328. What is the remainder when j is divided by 59?
54
Let q = 2598 - 2440. Calculate the remainder when 1251 is divided by q.
145
Let m(a) = 2*a**2 - 3*a + 3. Let n be m(2). What is the remainder when ((-66)/n)/(9/(-30)) is divided by (-196)/(-16) + 90/(-108)*(-6)/(-20)?
8
Suppose 1197*g + 3774 = 1201*g + 3*w, 3*w - 4722 = -5*g. What is the remainder when g is divided by 237?
0
Suppose 80 = 70*i - 62*i. Suppose -i*t + 620 = 10*t. Calculate the remainder when 276 is divided by t.
28
Let q(n) = -n**3 - 4*n**2 + 9*n - 8. Let d be (-33)/5 - 57/(-95). What is the remainder when 97 is divided by q(d)?
7
Suppose -10*o + 35 = -5. Suppose 5*z - 79 = z + 3*k, 0 = z + o*k - 34. Let y = -19 - -27. What is the remainder when z is divided by y?
6
Suppose 62*t = 182 + 317 + 183. Calculate the remainder when 5265 is divided by t.
7
Let o = 3026 - 2292. What is the remainder when o is divided by 106?
98
Let y(j) = -2*j**3 - 3*j**2. Let w be y(-2). Suppose -x = 1, w*h + 2*x - 3*x = 65. What is the remainder when 269 is divided by h?
13
Let q = 150 + -128. Suppose -5*x - 5*a + 157 = q, 2*a = 3*x - 101. Calculate the remainder when 213 is divided by x.
27
Calculate the remainder when (188/(-8))/((-20)/3080) is divided by 17.
15
Let i(r) = 3*r**2 - 6*r - 40. Let a(b) = 3*b**2 - 5*b - 39. Let p(l) = 5*a(l) - 4*i(l). What is the remainder when p(-6) is divided by 5?
4
Let c(r) = -r**3 + 10*r**2 + 6*r. Suppose 0 = 131*g - 407 - 903. What is the remainder when c(7) is divided by g?
9
Let j(x) = 9*x - 4. Let r(y) = 3*y + 1 + 31 + 46 + 23 + 13. Calculate the remainder when j(3) is divided by r(-32).
5
Suppose -1102123 + 167545 = -143*c - 100*c. What is the remainder when c is divided by 52?
50
Let g(q) = q**3 + 10*q**2 - 49*q + 12. Calculate the remainder when 98 is divided by g(4).
18
Suppose 26*v - 1730 = -508. Suppose v*g - 1436 = 2089. What is the remainder when g is divided by 10?
5
Let h = -612 - -5801. Calculate the remainder when h is divided by 179.
177
Suppose 0 = -2*s - 4*s + 84. What is the remainder when (-117)/195 + (-1096)/(-10) is divided by s?
11
Suppose -3*p + 0*p = 2*n, 3*p - n = 0. Suppose -4*u - 5*u + 261 = p. What is the remainder when 109 is divided by u?
22
Let m(t) = -182*t - 866. Calculate the remainder when 136 is divided by m(-5).
4
Let f be 48/42*(18/4 - 1). Suppose -f = -2*s + 4. Let k(d) = -d**3 - 5*d**2 - 5*d - 1. What is the remainder when s is divided by k(-4)?
1
Suppose -16*o + 14*o + 1569 = 5*k, -3*k = 4*o - 961. Calculate the remainder when 1069 is divided by k.
136
Suppose -6*z + 132 = 5*z. Suppose 5*u - z = 3. Suppose 2*a - 3*a + 22 = u*q, -q = -2*a + 23. Calculate the remainder when 49 is divided by a.
10
Let c = 9 + 4. Let q = 95 + -115. Calculate the remainder when ((-26)/8 - -3) + (-925)/q is divided by c.
7
Let t(c) = c**3 - 7*c**2 - 20*c + 27. Suppose 0 = -4*q - 4*a + 32, 0 = -3*q + q - 4*a + 14. What is the remainder when 9 is divided by t(q)?
0
Suppose -10*f = -11*f - 127. Let g = 64 + f. Calculate the remainder when 26 is divided by (-3)/(-7) + (-540)/g.
8
Let g = -3085 - -4802. Calculate the remainder when g is divided by 123.
118
Let q(t) = 2*t + 47 - 3*t + 21 + 8. Let l be q(19). Suppose -9*c + l + 123 = 0. Calculate the remainder when 37 is divided by c.
17
Let u be 1/(5 + -4) + 99. Suppose -u = -6*i + 206. What is the remainder when 200 is divided by i?
47
Let o be (236 - 4) + 3/(12/8). Suppose 0 = 10*d - d - o. What is the remainder when d is divided by 10?
6
Let t be 5 + 4/((-16)/20). Suppose t = -y + 2*v + 27, 0 = v - 5*v. What is the remainder when y is divided by 13?
1
Let h(c) = c**3 - 11*c**2 - 3*c + 35. Let v be h(11). Suppose -y - v*y = -186. Let r = -56 + y. What is the remainder when r is divided by 3?
0
Suppose -d - 2*l + 1 = 0, 0 = -23*d + 22*d + l - 5. Let m = 3 + 14. What is the remainder when m is divided by (d - 13/(-5))*(-23 + -2)?
7
Suppose a + a = 4*l - 364, 0 = -3*l - a + 283. Suppose v + 0 = 3. Suppose l + 30 = v*g. Calculate the remainder when 204 is divided by g.
40
Suppose 8*d = 7*d - 264. Let s be (3/6)/(2/d). Let i = 78 + s. What is the remainder when 57 is divided by i?
9
Let b = 13305 + -11627. Calculate the remainder when b is divided by 335.
3
Let d = 153 - 122. Calculate the remainder when 524 is divided by d.
28
Let t = 34 - 87. Suppose 0 = -k - 2*k - 309. Let v = t - k. Calculate the remainder when v is divided by 26.
24
Let t = 17 + -10. Suppose -4*k + 2*j - 418 = 0, 4*k - 3*j + 371 + 50 = 0. Let s = k + 150. Calculate the remainder when s is divided by t.
5
Let o = -2532 - -2659. Calculate the remainder when 211 is divided by o.
84
Suppose -3*j = -3*o - 9, -8*j = -9*j - 4*o - 2. Suppose j*b = d + 14, -7*d + 21 = 3*b - 2*d. What is the remainder when 26 is divided by b?
5
Let c(f) = -2*f**3 + 144*f**2 + 161*f - 369. Calculate the remainder when c(73) is divided by 191.
153
Let a be 2/(8/(-12)) + 10. Suppose a*w - 84 = 3*w. Suppose -5*d = -5*b - 195, w + 55 = 2*d - 3*b. What is the remainder when d is divided by 23?
18
Let d = -10875 + 10884. Calculate the remainder when 176 is divided by d.
5
Let i = 215 - 213. What is the remainder when 1662/18 + 8 - i/6 is divided by 35?
30
Let d = 602 + -575. Suppose -12*y = -13*y + 15. What is the remainder when d is divided by y?
12
Suppose l + l - 5*z - 1 = 0, -3*l = z - 27. Suppose -3*m - 6*n + n = -37, 28 = 2*m + 4*n. Suppose 15 = 9*d - m*d. What is the remainder when l is divided by d?
2
Calculate the remainder when 5677 is divided by (-3)/1*-10*(-6 + 171/27).
7
Let d = 25452 - 25437. Suppose 2*v - v = 297. Calculate the remainder when v is divided by d.
12
Suppose 2*r = 43 - 31. Suppose 0 = -r*x + 3*x + 288. Let v = 158 - x. Calculate the remainder when v is divided by 21.
20
Calculate the remainder when 2*(5 - (0 - 4/(-1)))*272 is divided by 26.
24
Suppose -9*n - 140 = 40. What is the remainder when 18 is divided by (-15)/n + (-15)/(-12)?
0
Let b(z) = 3*z + 30. Let x be b(-7). Calculate the remainder when 219/x + (-10)/(-1